 - (3 - -31 - (69 - 37)).
-102
Evaluate (57 - (230 + -72)) + 72.
-29
Calculate 43 + (-56 + 8 - -32).
27
Evaluate 1 + -7 + 85 + (-4 + 10 - (17 + -14)).
82
Evaluate (-3 - (-1 + (-7 + 48 - 6))) + -51 + 42.
-46
What is the value of (0 - -3) + ((17 - 55) + 16 - 7)?
-26
Evaluate (-27 - -15 - 8) + (9 - (21 - 4)).
-28
What is the value of -54 - (-94 - 12) - 70?
-18
(9 - (1 + -4)) + 46 + -17 + 10
51
13 + (66 - 57 - 5 - (0 + -17))
34
Evaluate -386 - -360 - (-3 + 35 - -2).
-60
Evaluate -81 + 0 + (7 - 4 - (-11 + -19)) + -18.
-66
Calculate 30 + 14 + -13 - -5.
36
Evaluate 48 + -30 + 53 + -39.
32
What is 1633 + -1724 - (-65 - -1)?
-27
What is -1 + (-41 - -49 - (35 + -1)) - (-8 + 5)?
-24
What is -22 + 2 - (34 - 35) - -26?
7
Calculate -129 + 4 + (-1437 - -1536).
-26
(0 - -1) + 58 + 7 + (38 - 42)
62
Calculate 862 - 817 - (119 + (11 - 6)).
-79
What is the value of ((24 - -35) + 28 - (2 + -10)) + -22?
73
3 - (-43 - -2) - (3146 + -3156)
54
What is the value of 3 + 2 + 3 + (-3 - 100) + -78 + 75?
-98
What is the value of 86 - (-2 + 22 + 3 + 577 + -601)?
87
Evaluate -5 + (-20 - -57 - (103 + -47)).
-24
What is 130 + (19 - 141) - -4?
12
Calculate (16 - (8 + 0 - -1 - -3 - 9)) + -11.
2
What is the value of -24 + 51 + -156 + 33?
-96
Evaluate (-269 - -165) + (7 - 2) + (6 - -7).
-86
What is -54 + 30 + -15 + 5?
-34
67 - ((-38 - -28 - 12) + 35)
54
What is (-3 + 4 - 33) + 1553 + -1554?
-33
Calculate 107 - (159 - 73 - -61).
-40
37 - (1 + -7 + (13 - 5) + (23 - 22))
34
Calculate -3 + -6 + 13 - ((-19 - (19 - 34)) + 121).
-113
Evaluate 5 + 4 + (-1 - (-25 - -16)).
17
Evaluate 11 + (17 - -7 - 13) + -37 - -6.
-9
What is the value of 209 - (83 + 100 + -35)?
61
Calculate -21 + (-34 - -85 - 36).
-6
Evaluate -10 + ((0 - 2) + 1 - (-9 + 9 + 41)).
-52
Evaluate 60 - 57 - (-12 - (-13 - 73)).
-71
What is (-59 + 79 - 8) + (-21 + 0 - -1)?
-8
-7 + (-7 - -108) + -4 + 45 + -43
92
Calculate (2 - 2 - -6 - (-284 - -305)) + 13.
-2
-4 + (25 - -1 - (-216 + 224))
14
What is the value of (-8 + 8 - 13) + (153 - 139) + 10?
11
Evaluate (-64 + -85 - -15) + 78.
-56
What is the value of -92 + (-13 - -57) - -90?
42
What is the value of (-137 - -81) + (2 - -39)?
-15
(28 - 4) + 3 + -31 + -15
-19
(-4 - -2) + -5 + 40 + (-12 - 13) - -3
11
What is the value of 10 + -36 + (-7 - 13) + -3?
-49
(271 - (214 + 46)) + (2 - 1 - 37)
-25
(55 - 51) + 11 + (5 - -7)
27
Calculate (-10 - -20 - 1) + (34 - (5 + -8 - 4)).
50
-1319 + 1216 + 2 + -6
-107
Calculate (-8 - (1 + -29)) + (-14 - -16) + -2.
20
Calculate (-36 - 0) + 126 + -159 + (0 - -22).
-47
Evaluate (12 - 59) + 12 + -30 + 50.
-15
Calculate 6 - (19 + (12 - (-6 - -32))) - (-2 + 4).
-1
Evaluate 30 + -18 + (-41 - -82).
53
-7 + (170 + -157 - (0 + -3 - 53) - -6)
68
Calculate -40 + (-44 - (17 - 42)).
-59
What is the value of 24 + (1 - (0 - -4 - 5)) - (16 + -15)?
25
Calculate (24 - (42 - 22)) + (-133 - -15 - (0 + -6)).
-108
Evaluate -5 + -1 + (53 - 16) + -27 + 6.
10
Evaluate 78 + (67 - 133) + 36.
48
Calculate 14 + 4 + -12 + 6 - -38.
50
Calculate (41 - 33 - (-8 + (9 - -9) + 1)) + 32.
29
Calculate 5 + (-31 + 19 + -7 - 0).
-14
Calculate (0 - (-11 + 12 - 12)) + -52 + 45.
4
What is (-151 + 13 - -102) + 9?
-27
Calculate 40 + -90 + 49 - -20 - -55.
74
What is 261 - 220 - (39 - 74)?
76
(-34 + (10 - -23) - (-1 + 1) - 4) + -22
-27
Evaluate -21 + 4 + 59 + -53 + 17.
6
What is -154 - (-1 + 1 + -20 - (-4351 - -4348))?
-137
Evaluate -15 - (4 - (1 - (-73 - -8)) - 3).
50
What is the value of -5 + 8 + (-4 - -30) - (25 + (-39 - -14))?
29
Evaluate -3 + 60 - ((-5 - -8) + (-5 - 6) + -2).
67
8 + -96 + -34 - -76
-46
What is 82 + -31 - (-24 + 156)?
-81
13 + (-1 - 33) + 8 + (48 - 29) + -14
-8
60 + (-30 + (41 - -21) - -1)
93
What is the value of (-5 - (9 - 16) - 92 - 1) + (6 - 6)?
-91
Evaluate (-29 - -2) + (346 - 331) - (9 + 87).
-108
Calculate -8 - (-85 + 18 + -8 + 13) - 12.
42
What is the value of -28 + 37 + -2 + (0 - 6) - -28?
29
Calculate (1 - 23) + 42 + 4 + -11 + -24.
-11
Evaluate ((-3 - 1) + 2 - 68) + (2532 - 2534).
-72
-2 + (15 - (19 - 20 - 1)) - (-1 + 7)
9
Calculate -2 + 6 - -24 - (177 - 188).
39
Evaluate -1 - (-1 - -20) - (-984 + 1002).
-38
Calculate 1 + -10 - (35 + (-26 - (19 - 29)) - 12).
-16
Evaluate 4 + -13 + 55 + (1 - (4 - 1)).
44
Evaluate (-2 - ((2 - 18) + 4)) + 0 + 31.
41
What is the value of -23 + 28 + -16 + -20?
-31
Evaluate (-3094 - -2909) + (-2 - -77).
-110
Evaluate 0 + (-58 - (-37 - -21) - 29).
-71
-51 + 1 + (1005 - 993)
-38
Calculate 1 + -12 + -215 + 164.
-62
Evaluate -112 - (-64 + 7 + 42) - (-12 - (-2 + 0)).
-87
-2 - 18 - (-687 - -612)
55
What is the value of 0 - ((-19 - ((0 - -2) + 9)) + 15 + -7)?
22
Evaluate (35 - 24) + -13 - (-2 - -7) - (1 - 2).
-6
-85 + 149 + -67 - -104
101
-1347 + 1408 + (-2 - 0)
59
What is 10 - (7 + (19 + -17 - -2) - -80)?
-81
What is the value of 9 + 6 + -9 + 15 + (38 - 3)?
56
What is the value of (-10 - (-1 + -1)) + (-2 - 8 - (-74 - -88))?
-32
What is the value of 44 + -52 - 36 - (27 - 0)?
-71
What is the value of -79 + -18 + 48 + -4 + 15?
-38
3 + -5 - -11 - (-79 - (-10 + -13))
65
What is the value of 5 + (1 + -11 - (76 + (-60 - 11)))?
-10
-113 - 1 - (3311 + -3352)
-73
What is the value of 217 + -240 + (57 - 9)?
25
Evaluate -60 + 0 + -39 + 39.
-60
What is (2040 - 2119) + 4 + 85?
10
Calculate -35 + (26 - -16) + -7 + 0 + -23 + -1.
-24
What is the value of 535 - 602 - (1 + -39)?
-29
Calculate 84 + (-13 - (-12 - 4 - -5) - 2).
80
What is (8 - (-22 + (19 - -3))) + (-43 - -1)?
-34
Evaluate 40 + 46 + 28 + -31 + -12.
71
Evaluate -27 + -3 + (2 - 0) + (-809 - -819).
-18
What is the value of 3 + (0 - 1) - ((200 - 447) + 204)?
45
What is -37 + -46 + -7 + 42 + 78?
30
What is 12 - (27 + (-108 - -71))?
22
Calculate -136 - -72 - 145 - -101.
-108
(15 - (-72 + 105)) + 72
54
59 + 18 + (-1 - -6 - (-173 - -187))
68
10 + (-16 - (-1 - -4)) + 38
29
What is (-2 - -1 - 1 - 6) + (147 - 148) + 3?
-6
Calculate (15 + -1 - 0) + (-13120 - -13075).
-31
-63 - (2 - ((-2 - 4 - 2) + 32 + -34))
-75
What is the value of -1124 + 1095 - (33 + -1)?
-61
What is the value of -90 - -97 - (5 - (1 - -1))?
4
Evaluate 37 - ((3 - 2) + -15 + 33 - 12).
30
Evaluate 0 - (-3 + 0 - ((38 - 14) + -13 - 93)).
-79
5 - (-3 - (-2 + -1 - (-108 - -113)))
0
Calculate (14 - (-1 - 29)) + 3 - 5.
42
Evaluate 1553 + -1435 - (10 + 9).
99
Evaluate (11 - 14 - 10 - -1) + -13 + 2.
-23
Calculate (2 - 12) + (35 - 44) - 28.
-47
What is 1 + (14 - (39 + (-10 - -19)))?
-33
Evaluate (31 - 39) + 6 + 0 - (8 - 15 - -16).
-11
What is 36 + -13 + 23 - 88?
-42
-22 + (-2 - (-10 - -7)) - -16
-5
Evaluate 28 + (-27 - -57 - -25).
83
What is -11 - (-51 + 5 + (1 - -15))?
19
Evaluate 11 + -27 + 35 - 58.
-39
What is the value of 16 + 15 + (7 - 27) + (1 - 48)?
-36
Calculate -49 - 139 - -166 - (1 + (-33 - -2)).
8
What is the value of 379 - 378 - ((1 - -24) + (-1 - (1 + -4)))?
-26
-9 - (47 + -51 + 47)
-52
What is the value of -2 - (13 + -4 + -1) - (-24 - 0)?
14
What is (-215 - -117) + 1 + 94?
-3
16 + (-24 + 0 - (-50 + (-4 - -49)))
-3
2 + 3 + -57 + 12
-40
What is the value of 50 - (36 + (-14 - (8 + -11)))?
25
What is -6 + 34 + 49 + -166?
-89
What is the value of -14 + 1 + -13 + (52 - 29) - 0 - 34?
-37
What is the value of 23 + -18 + (43 - -12)?
60
Evaluate -13 + (13 - 96 - -59).
-37
What is the value of (-44 + 9 - 1) + (6 - (6 + -13 + 9))?
-32
(109 - 10) + -24 + (52 - 26)
101
24 + 20 + (-8 - -40 - 38)
38
Evaluate -4 + (-5 + (-10 - (5 + -15)) - -3 - -44).
38
-10 - 0 - (-73 - (45 - 67))
41
Calculate (-2 - -5) + -1 + -1 + -131 + 121.
-9
(10 - (-15 + 3 + 22 - 11)) + -75
-64
Calculate 105 + (-161 - -41) - (9 - -2 - 2).
-24
Calculate (0 + (3 - 5) - (-6 + 12)) + -12.
-20
Calculate -47 - (-2 - 0) - (-61 + -48 + 121).
-57
Calculate (-2 - -2) + -1 + (-11 + 38 - 29) - -42.
39
What is 18 + -47 + 34 + -21 + 27?
11
Calculate -196 + 240 + (-11 + 7 + -5 - 0).
35
Evaluate -7 + -52 - (-1 + (-6 - (4 + 1 + -5))).
-52
Evaluate (1 - -84) + (142 - (62 + 83)).
82
Calculate 18 - 11 - (-59 + -1 - (12 + 36 + -58)).
57
13 + (-5 - -7) + -76 + -1 + 0
-62
What is 9 + -8 - -5 - (49 - -2)?
-45
What is (25 - -6) + 53 + -55?
29
What is the value of 4 - 40 - (4 + 0 + (-24 - -13))?
-29
-10 + -16 + 9 + (-28 - -10 - 1)
-36
Calculate 0 + 16 + 3 - (45 - (93 - 66)).
1
What is -14 - (38 + -28 + -74 - 22)?
72
Calculate 36 - ((6 - 3 - 0) + 28 + -17).
22
What is -111 + 61 - -28 - -50?
28
What is the value of